{"id":1881,"date":"2025-07-15T19:54:25","date_gmt":"2025-07-15T17:54:25","guid":{"rendered":"https:\/\/beta.luksta28.hosting24.pl\/?post_type=product&#038;p=1881"},"modified":"2025-07-24T13:43:34","modified_gmt":"2025-07-24T11:43:34","slug":"piaskowy-zakatek","status":"publish","type":"product","link":"https:\/\/altanystanior.pl\/?product=piaskowy-zakatek","title":{"rendered":"Piaskowy Zak\u0105tek"},"content":{"rendered":"<p>[et_pb_section fb_built=&#8221;1&#8243; _builder_version=&#8221;4.16&#8243; custom_padding=&#8221;0px||||false|false&#8221; global_colors_info=&#8221;{}&#8221;][et_pb_row _builder_version=&#8221;4.16&#8243; background_size=&#8221;initial&#8221; background_position=&#8221;top_left&#8221; background_repeat=&#8221;repeat&#8221; width=&#8221;100%&#8221; custom_padding=&#8221;0px||0px||false|false&#8221; global_colors_info=&#8221;{}&#8221;][et_pb_column type=&#8221;4_4&#8243; _builder_version=&#8221;4.16&#8243; custom_padding=&#8221;|||&#8221; global_colors_info=&#8221;{}&#8221; custom_padding__hover=&#8221;|||&#8221;][et_pb_wc_breadcrumb _builder_version=&#8221;4.16&#8243; global_colors_info=&#8221;{}&#8221;][\/et_pb_wc_breadcrumb][et_pb_wc_cart_notice _builder_version=&#8221;4.16&#8243; global_colors_info=&#8221;{}&#8221;][\/et_pb_wc_cart_notice][\/et_pb_column][\/et_pb_row][et_pb_row column_structure=&#8221;1_2,1_2&#8243; _builder_version=&#8221;4.16&#8243; background_size=&#8221;initial&#8221; background_position=&#8221;top_left&#8221; background_repeat=&#8221;repeat&#8221; width=&#8221;100%&#8221; custom_padding=&#8221;0px||||false|false&#8221; global_colors_info=&#8221;{}&#8221;][et_pb_column type=&#8221;1_2&#8243; _builder_version=&#8221;4.16&#8243; custom_padding=&#8221;|||&#8221; global_colors_info=&#8221;{}&#8221; custom_padding__hover=&#8221;|||&#8221;][et_pb_wc_images _builder_version=&#8221;4.16&#8243; global_colors_info=&#8221;{}&#8221;][\/et_pb_wc_images][\/et_pb_column][et_pb_column type=&#8221;1_2&#8243; _builder_version=&#8221;4.16&#8243; custom_padding=&#8221;|||&#8221; global_colors_info=&#8221;{}&#8221; custom_padding__hover=&#8221;|||&#8221;][et_pb_wc_title _builder_version=&#8221;4.16&#8243; global_colors_info=&#8221;{}&#8221;][\/et_pb_wc_title][et_pb_wc_add_to_cart _builder_version=&#8221;4.16&#8243; global_colors_info=&#8221;{}&#8221;][\/et_pb_wc_add_to_cart][et_pb_wc_meta admin_label=&#8221;Meta produktu Woo&#8221; _builder_version=&#8221;4.16&#8243; global_colors_info=&#8221;{}&#8221;][\/et_pb_wc_meta][\/et_pb_column][\/et_pb_row][et_pb_row _builder_version=&#8221;4.16&#8243; background_size=&#8221;initial&#8221; background_position=&#8221;top_left&#8221; background_repeat=&#8221;repeat&#8221; width=&#8221;100%&#8221; global_colors_info=&#8221;{}&#8221;][et_pb_column type=&#8221;4_4&#8243; _builder_version=&#8221;4.16&#8243; custom_padding=&#8221;|||&#8221; global_colors_info=&#8221;{}&#8221; custom_padding__hover=&#8221;|||&#8221;][et_pb_wc_tabs _builder_version=&#8221;4.27.4&#8243; _module_preset=&#8221;default&#8221; global_colors_info=&#8221;{}&#8221;][\/et_pb_wc_tabs][et_pb_wc_description admin_label=&#8221;Opis produktu Woo&#8221; _builder_version=&#8221;4.16&#8243; global_colors_info=&#8221;{}&#8221;][\/et_pb_wc_description][et_pb_wc_upsells admin_label=&#8221;Promocja produkt\u00f3w Woo&#8221; _builder_version=&#8221;4.16&#8243; global_colors_info=&#8221;{}&#8221;][\/et_pb_wc_upsells][et_pb_wc_related_products _builder_version=&#8221;4.16&#8243; global_colors_info=&#8221;{}&#8221;][\/et_pb_wc_related_products][\/et_pb_column][\/et_pb_row][\/et_pb_section]<\/p>\n","protected":false},"excerpt":{"rendered":"","protected":false},"featured_media":1883,"template":"","meta":{"_et_pb_use_builder":"on","_et_pb_old_content":"\u201e<span style=\"font-family: Times New Roman, serif\"><b>Piaskowy Zak\u0105tek\u201d<\/b><\/span><span style=\"font-family: Times New Roman, serif\"> to nowoczesna, drewniana piaskownica zaprojektowana z my\u015bl\u0105 o bezpiecze\u0144stwie i estetyce. Jej geometryczna forma i jasne drewno doskonale wpisuj\u0105 si\u0119 w ogrodowe aran\u017cacje. Dzi\u0119ki wbudowanym siedziskom i opcjonalnej pokrywie, zapewnia komfort i ochron\u0119 przez ca\u0142y sezon.<\/span>\r\n\r\n\ud83d\udcd0 <span style=\"font-family: Times New Roman, serif\"><span style=\"font-size: large\"><b>Specyfikacja techniczna (przyk\u0142adowy model)<\/b><\/span><\/span>\r\n<table width=\"512\" cellspacing=\"0\" cellpadding=\"1\">\r\n<thead>\r\n<tr>\r\n<td width=\"149\">\r\n<p align=\"center\"><span style=\"font-family: Times New Roman, serif\"><b>Parametr<\/b><\/span><\/p>\r\n<\/td>\r\n<td width=\"359\">\r\n<p align=\"center\"><span style=\"font-family: Times New Roman, serif\"><b>Warto\u015b\u0107 \/ Opis<\/b><\/span><\/p>\r\n<\/td>\r\n<\/tr>\r\n<\/thead>\r\n<tbody>\r\n<tr>\r\n<td width=\"149\"><span style=\"font-family: Times New Roman, serif\"><b>Wymiary zewn\u0119trzne<\/b><\/span><\/td>\r\n<td width=\"359\"><span style=\"font-family: Times New Roman, serif\">150 \u00d7 150 cm <\/span><\/td>\r\n<\/tr>\r\n<tr>\r\n<td width=\"149\"><span style=\"font-family: Times New Roman, serif\"><b>Wysoko\u015b\u0107<\/b><\/span><\/td>\r\n<td width=\"359\"><span style=\"font-family: Times New Roman, serif\">30\u201335 cm<\/span><\/td>\r\n<\/tr>\r\n<tr>\r\n<td width=\"149\"><span style=\"font-family: Times New Roman, serif\"><b>Materia\u0142<\/b><\/span><\/td>\r\n<td width=\"359\"><span style=\"font-family: Times New Roman, serif\">Drewno sosnowe impregnowane DewnoChron<\/span><\/td>\r\n<\/tr>\r\n<tr>\r\n<td width=\"149\"><span style=\"font-family: Times New Roman, serif\"><b>Konstrukcja<\/b><\/span><\/td>\r\n<td width=\"359\"><span style=\"font-family: Times New Roman, serif\">Skrzynkowa, z naro\u017cnikami \u0142\u0105czonymi na pi\u00f3ro-wpust<\/span><\/td>\r\n<\/tr>\r\n<tr>\r\n<td width=\"149\"><span style=\"font-family: Times New Roman, serif\"><b>Siedziska<\/b><\/span><\/td>\r\n<td width=\"359\"><span style=\"font-family: Times New Roman, serif\">4 naro\u017cne \u0142awki z desek 14 cm szeroko\u015bci<\/span><\/td>\r\n<\/tr>\r\n<tr>\r\n<td width=\"149\"><span style=\"font-family: Times New Roman, serif\"><b>Dno<\/b><\/span><\/td>\r\n<td width=\"359\"><span style=\"font-family: Times New Roman, serif\">Geow\u0142\u00f3knina lub folia ogrodnicza (opcjonalnie)<\/span><\/td>\r\n<\/tr>\r\n<tr>\r\n<td width=\"149\"><span style=\"font-family: Times New Roman, serif\"><b>Pokrywa<\/b><\/span><\/td>\r\n<td width=\"359\"><span style=\"font-family: Times New Roman, serif\">Dwucz\u0119\u015bciowa, sk\u0142adana (opcjonalnie z funkcj\u0105 \u0142awek)<\/span><\/td>\r\n<\/tr>\r\n<tr>\r\n<td width=\"149\"><span style=\"font-family: Times New Roman, serif\"><b>Wyko\u0144czenie<\/b><\/span><\/td>\r\n<td width=\"359\"><span style=\"font-family: Times New Roman, serif\">Impregnat grewnochron<\/span><\/td>\r\n<\/tr>\r\n<tr>\r\n<td width=\"149\"><span style=\"font-family: Times New Roman, serif\"><b>Bezpiecze\u0144stwo<\/b><\/span><\/td>\r\n<td width=\"359\"><span style=\"font-family: Times New Roman, serif\">Zaokr\u0105glone kraw\u0119dzie, brak wystaj\u0105cych \u015brub<\/span><\/td>\r\n<\/tr>\r\n<tr>\r\n<td width=\"149\"><span style=\"font-family: Times New Roman, serif\"><b>Pojemno\u015b\u0107 piasku<\/b><\/span><\/td>\r\n<td width=\"359\"><span style=\"font-family: Times New Roman, serif\">ok. 0,4\u20130,6 m\u00b3 (dla modelu 150\u00d7150 cm)<\/span><\/td>\r\n<\/tr>\r\n<\/tbody>\r\n<\/table>\r\n\u2705 <span style=\"font-family: Times New Roman, serif\"><span style=\"font-size: large\"><b>Zalety<\/b><\/span><\/span>\r\n<ul>\r\n \t<li><span style=\"font-family: Times New Roman, serif\">Naturalny wygl\u0105d i ekologiczne materia\u0142y<\/span><\/li>\r\n \t<li><span style=\"font-family: Times New Roman, serif\">Mo\u017cliwo\u015b\u0107 personalizacji (kolor, rozmiar, pokrywa)<\/span><\/li>\r\n \t<li><span style=\"font-family: Times New Roman, serif\">\u0141atwy monta\u017c i demonta\u017c<\/span><\/li>\r\n \t<li><span style=\"font-family: Times New Roman, serif\">Bezpieczna dla dzieci dzi\u0119ki zaokr\u0105glonym kraw\u0119dziom<\/span><\/li>\r\n \t<li><span style=\"font-family: Times New Roman, serif\">Styl pasuj\u0105cy do nowoczesnych i klasycznych ogrod\u00f3w<\/span><\/li>\r\n<\/ul>","_et_gb_content_width":""},"product_brand":[],"product_cat":[142],"product_tag":[],"class_list":{"0":"post-1881","1":"product","2":"type-product","3":"status-publish","4":"has-post-thumbnail","6":"product_cat-mala-architektura","8":"first","9":"instock","10":"shipping-taxable","11":"purchasable","12":"product-type-simple"},"yoast_head":"<!-- This site is optimized with the Yoast SEO plugin v27.3 - https:\/\/yoast.com\/product\/yoast-seo-wordpress\/ -->\n<title>Piaskowy Zak\u0105tek - Wooden House Stanior<\/title>\n<meta name=\"robots\" content=\"index, follow, max-snippet:-1, max-image-preview:large, max-video-preview:-1\" \/>\n<link rel=\"canonical\" href=\"https:\/\/altanystanior.pl\/?product=piaskowy-zakatek\" \/>\n<meta property=\"og:locale\" content=\"pl_PL\" \/>\n<meta property=\"og:type\" content=\"article\" \/>\n<meta property=\"og:title\" content=\"Piaskowy Zak\u0105tek - Wooden House Stanior\" \/>\n<meta property=\"og:url\" content=\"https:\/\/altanystanior.pl\/?product=piaskowy-zakatek\" \/>\n<meta property=\"og:site_name\" content=\"Wooden House Stanior\" \/>\n<meta property=\"article:modified_time\" content=\"2025-07-24T11:43:34+00:00\" \/>\n<meta property=\"og:image\" content=\"https:\/\/altanystanior.pl\/wp-content\/uploads\/2025\/07\/DEWNIANA-PIASKOWNICA-1-1024x683.png\" \/>\n\t<meta property=\"og:image:width\" content=\"1024\" \/>\n\t<meta property=\"og:image:height\" content=\"683\" \/>\n\t<meta property=\"og:image:type\" content=\"image\/png\" \/>\n<meta name=\"twitter:card\" content=\"summary_large_image\" \/>\n<meta name=\"twitter:label1\" content=\"Szacowany czas czytania\" \/>\n\t<meta name=\"twitter:data1\" content=\"2 minuty\" \/>\n<script type=\"application\/ld+json\" class=\"yoast-schema-graph\">{\"@context\":\"https:\\\/\\\/schema.org\",\"@graph\":[{\"@type\":\"WebPage\",\"@id\":\"https:\\\/\\\/altanystanior.pl\\\/?product=piaskowy-zakatek\",\"url\":\"https:\\\/\\\/altanystanior.pl\\\/?product=piaskowy-zakatek\",\"name\":\"Piaskowy Zak\u0105tek - Wooden House Stanior\",\"isPartOf\":{\"@id\":\"https:\\\/\\\/altanystanior.pl\\\/#website\"},\"primaryImageOfPage\":{\"@id\":\"https:\\\/\\\/altanystanior.pl\\\/?product=piaskowy-zakatek#primaryimage\"},\"image\":{\"@id\":\"https:\\\/\\\/altanystanior.pl\\\/?product=piaskowy-zakatek#primaryimage\"},\"thumbnailUrl\":\"https:\\\/\\\/altanystanior.pl\\\/wp-content\\\/uploads\\\/2025\\\/07\\\/DEWNIANA-PIASKOWNICA-1.png\",\"datePublished\":\"2025-07-15T17:54:25+00:00\",\"dateModified\":\"2025-07-24T11:43:34+00:00\",\"breadcrumb\":{\"@id\":\"https:\\\/\\\/altanystanior.pl\\\/?product=piaskowy-zakatek#breadcrumb\"},\"inLanguage\":\"pl-PL\",\"potentialAction\":[{\"@type\":\"ReadAction\",\"target\":[\"https:\\\/\\\/altanystanior.pl\\\/?product=piaskowy-zakatek\"]}]},{\"@type\":\"ImageObject\",\"inLanguage\":\"pl-PL\",\"@id\":\"https:\\\/\\\/altanystanior.pl\\\/?product=piaskowy-zakatek#primaryimage\",\"url\":\"https:\\\/\\\/altanystanior.pl\\\/wp-content\\\/uploads\\\/2025\\\/07\\\/DEWNIANA-PIASKOWNICA-1.png\",\"contentUrl\":\"https:\\\/\\\/altanystanior.pl\\\/wp-content\\\/uploads\\\/2025\\\/07\\\/DEWNIANA-PIASKOWNICA-1.png\",\"width\":1536,\"height\":1024},{\"@type\":\"BreadcrumbList\",\"@id\":\"https:\\\/\\\/altanystanior.pl\\\/?product=piaskowy-zakatek#breadcrumb\",\"itemListElement\":[{\"@type\":\"ListItem\",\"position\":1,\"name\":\"Strona g\u0142\u00f3wna\",\"item\":\"https:\\\/\\\/altanystanior.pl\\\/\"},{\"@type\":\"ListItem\",\"position\":2,\"name\":\"Sklep\",\"item\":\"https:\\\/\\\/altanystanior.pl\\\/?page_id=430\"},{\"@type\":\"ListItem\",\"position\":3,\"name\":\"Piaskowy Zak\u0105tek\"}]},{\"@type\":\"WebSite\",\"@id\":\"https:\\\/\\\/altanystanior.pl\\\/#website\",\"url\":\"https:\\\/\\\/altanystanior.pl\\\/\",\"name\":\"Wooden House Stanior\",\"description\":\"\",\"potentialAction\":[{\"@type\":\"SearchAction\",\"target\":{\"@type\":\"EntryPoint\",\"urlTemplate\":\"https:\\\/\\\/altanystanior.pl\\\/?s={search_term_string}\"},\"query-input\":{\"@type\":\"PropertyValueSpecification\",\"valueRequired\":true,\"valueName\":\"search_term_string\"}}],\"inLanguage\":\"pl-PL\"}]}<\/script>\n<!-- \/ Yoast SEO plugin. -->","yoast_head_json":{"title":"Piaskowy Zak\u0105tek - Wooden House Stanior","robots":{"index":"index","follow":"follow","max-snippet":"max-snippet:-1","max-image-preview":"max-image-preview:large","max-video-preview":"max-video-preview:-1"},"canonical":"https:\/\/altanystanior.pl\/?product=piaskowy-zakatek","og_locale":"pl_PL","og_type":"article","og_title":"Piaskowy Zak\u0105tek - Wooden House Stanior","og_url":"https:\/\/altanystanior.pl\/?product=piaskowy-zakatek","og_site_name":"Wooden House Stanior","article_modified_time":"2025-07-24T11:43:34+00:00","og_image":[{"width":1024,"height":683,"url":"https:\/\/altanystanior.pl\/wp-content\/uploads\/2025\/07\/DEWNIANA-PIASKOWNICA-1-1024x683.png","type":"image\/png"}],"twitter_card":"summary_large_image","twitter_misc":{"Szacowany czas czytania":"2 minuty"},"schema":{"@context":"https:\/\/schema.org","@graph":[{"@type":"WebPage","@id":"https:\/\/altanystanior.pl\/?product=piaskowy-zakatek","url":"https:\/\/altanystanior.pl\/?product=piaskowy-zakatek","name":"Piaskowy Zak\u0105tek - Wooden House Stanior","isPartOf":{"@id":"https:\/\/altanystanior.pl\/#website"},"primaryImageOfPage":{"@id":"https:\/\/altanystanior.pl\/?product=piaskowy-zakatek#primaryimage"},"image":{"@id":"https:\/\/altanystanior.pl\/?product=piaskowy-zakatek#primaryimage"},"thumbnailUrl":"https:\/\/altanystanior.pl\/wp-content\/uploads\/2025\/07\/DEWNIANA-PIASKOWNICA-1.png","datePublished":"2025-07-15T17:54:25+00:00","dateModified":"2025-07-24T11:43:34+00:00","breadcrumb":{"@id":"https:\/\/altanystanior.pl\/?product=piaskowy-zakatek#breadcrumb"},"inLanguage":"pl-PL","potentialAction":[{"@type":"ReadAction","target":["https:\/\/altanystanior.pl\/?product=piaskowy-zakatek"]}]},{"@type":"ImageObject","inLanguage":"pl-PL","@id":"https:\/\/altanystanior.pl\/?product=piaskowy-zakatek#primaryimage","url":"https:\/\/altanystanior.pl\/wp-content\/uploads\/2025\/07\/DEWNIANA-PIASKOWNICA-1.png","contentUrl":"https:\/\/altanystanior.pl\/wp-content\/uploads\/2025\/07\/DEWNIANA-PIASKOWNICA-1.png","width":1536,"height":1024},{"@type":"BreadcrumbList","@id":"https:\/\/altanystanior.pl\/?product=piaskowy-zakatek#breadcrumb","itemListElement":[{"@type":"ListItem","position":1,"name":"Strona g\u0142\u00f3wna","item":"https:\/\/altanystanior.pl\/"},{"@type":"ListItem","position":2,"name":"Sklep","item":"https:\/\/altanystanior.pl\/?page_id=430"},{"@type":"ListItem","position":3,"name":"Piaskowy Zak\u0105tek"}]},{"@type":"WebSite","@id":"https:\/\/altanystanior.pl\/#website","url":"https:\/\/altanystanior.pl\/","name":"Wooden House Stanior","description":"","potentialAction":[{"@type":"SearchAction","target":{"@type":"EntryPoint","urlTemplate":"https:\/\/altanystanior.pl\/?s={search_term_string}"},"query-input":{"@type":"PropertyValueSpecification","valueRequired":true,"valueName":"search_term_string"}}],"inLanguage":"pl-PL"}]}},"jetpack_sharing_enabled":true,"_links":{"self":[{"href":"https:\/\/altanystanior.pl\/index.php?rest_route=\/wp\/v2\/product\/1881","targetHints":{"allow":["GET"]}}],"collection":[{"href":"https:\/\/altanystanior.pl\/index.php?rest_route=\/wp\/v2\/product"}],"about":[{"href":"https:\/\/altanystanior.pl\/index.php?rest_route=\/wp\/v2\/types\/product"}],"wp:featuredmedia":[{"embeddable":true,"href":"https:\/\/altanystanior.pl\/index.php?rest_route=\/wp\/v2\/media\/1883"}],"wp:attachment":[{"href":"https:\/\/altanystanior.pl\/index.php?rest_route=%2Fwp%2Fv2%2Fmedia&parent=1881"}],"wp:term":[{"taxonomy":"product_brand","embeddable":true,"href":"https:\/\/altanystanior.pl\/index.php?rest_route=%2Fwp%2Fv2%2Fproduct_brand&post=1881"},{"taxonomy":"product_cat","embeddable":true,"href":"https:\/\/altanystanior.pl\/index.php?rest_route=%2Fwp%2Fv2%2Fproduct_cat&post=1881"},{"taxonomy":"product_tag","embeddable":true,"href":"https:\/\/altanystanior.pl\/index.php?rest_route=%2Fwp%2Fv2%2Fproduct_tag&post=1881"}],"curies":[{"name":"wp","href":"https:\/\/api.w.org\/{rel}","templated":true}]}}